 are the prime factors of 933280759?
1531, 609589
What are the prime factors of 228632906?
2, 59, 673, 2879
What are the prime factors of 210576530?
2, 5, 73, 288461
List the prime factors of 783689605.
5, 709, 221069
List the prime factors of 471170624.
2, 7362041
What are the prime factors of 543151897?
37, 53, 276977
List the prime factors of 4238187986.
2, 2119093993
What are the prime factors of 2402125713?
3, 13, 253469
List the prime factors of 106718553.
3, 439171
List the prime factors of 1452756475.
5, 23, 271, 9323
List the prime factors of 2557854837.
3, 284206093
What are the prime factors of 4357611646?
2, 359, 6069097
What are the prime factors of 89000229?
3, 29666743
List the prime factors of 4854067540.
2, 5, 7, 53, 654187
List the prime factors of 6225247928.
2, 37, 433, 48571
List the prime factors of 38789800.
2, 5, 7, 103, 269
List the prime factors of 66999598.
2, 23, 67, 21739
What are the prime factors of 125544178?
2, 62772089
What are the prime factors of 42588549?
3, 4732061
What are the prime factors of 891980214?
2, 3, 148663369
What are the prime factors of 498085000?
2, 5, 7, 19, 107
What are the prime factors of 45720537?
3, 61, 229, 1091
What are the prime factors of 1035626486?
2, 31, 16703653
List the prime factors of 742715527.
823, 902449
List the prime factors of 39778669.
7, 5682667
List the prime factors of 28825718.
2, 14412859
What are the prime factors of 2969083490?
2, 5, 17, 17465197
List the prime factors of 75347190.
2, 3, 5, 837191
List the prime factors of 1870207192.
2, 7, 139, 240263
List the prime factors of 340390347.
3, 11, 10314859
List the prime factors of 4667901894.
2, 3, 43, 971, 6211
List the prime factors of 5873939926.
2, 17, 859, 201121
What are the prime factors of 54154451?
13, 127, 32801
What are the prime factors of 2704310082?
2, 3, 107, 1404107
What are the prime factors of 147170167?
147170167
List the prime factors of 1855277774.
2, 7, 59, 2246099
What are the prime factors of 302715243?
3, 17, 1978531
What are the prime factors of 455894161?
455894161
List the prime factors of 435484353.
3, 145161451
List the prime factors of 1712037087.
3, 47, 179, 7537
List the prime factors of 20055545.
5, 19, 107, 1973
What are the prime factors of 72496705?
5, 541, 26801
List the prime factors of 53265067.
67, 795001
List the prime factors of 59768516.
2, 14942129
List the prime factors of 5203774731.
3, 31, 43, 89, 14621
List the prime factors of 1772974604.
2, 101, 43451
List the prime factors of 10695545.
5, 7, 67, 4561
List the prime factors of 184164997.
184164997
What are the prime factors of 4075081689?
3, 7, 239, 811931
List the prime factors of 162049992.
2, 3, 13, 519391
What are the prime factors of 362560303?
7, 47, 1102007
What are the prime factors of 1829801487?
3, 29, 21032201
List the prime factors of 426393397.
426393397
What are the prime factors of 20384740?
2, 5, 1019237
List the prime factors of 4232444512.
2, 132263891
What are the prime factors of 411695255?
5, 53, 1553567
List the prime factors of 75287936.
2, 331, 1777
List the prime factors of 1766280776.
2, 13, 16983469
List the prime factors of 722652410.
2, 5, 23, 43, 89, 821
List the prime factors of 219366991.
29, 7564379
List the prime factors of 980098442.
2, 29, 59, 286411
What are the prime factors of 2633448505?
5, 127, 4147163
List the prime factors of 782345642.
2, 13, 331, 90907
What are the prime factors of 48196380?
2, 3, 5, 803273
List the prime factors of 3337712656.
2, 208607041
What are the prime factors of 28259857?
4957, 5701
List the prime factors of 795340604.
2, 37, 5373923
List the prime factors of 24844238.
2, 12422119
List the prime factors of 750540758.
2, 11, 34115489
List the prime factors of 62939455.
5, 31, 239, 1699
List the prime factors of 1660318866.
2, 3, 92239937
List the prime factors of 7002537.
3, 2334179
List the prime factors of 620403555.
3, 5, 131, 157, 2011
List the prime factors of 418924143.
3, 11, 42743
List the prime factors of 126510770.
2, 5, 17, 37, 20113
List the prime factors of 38754003.
3, 79, 101, 1619
List the prime factors of 114639085.
5, 11, 31, 71, 947
List the prime factors of 34396803.
3, 7, 109, 5009
What are the prime factors of 1042240525?
5, 317, 347, 379
List the prime factors of 67232501.
7, 17, 564979
List the prime factors of 4012691378.
2, 389, 1931, 2671
What are the prime factors of 199304086?
2, 4253, 23431
List the prime factors of 56780369.
56780369
What are the prime factors of 227426390?
2, 5, 19, 73, 863
List the prime factors of 3159721443.
3, 1053240481
List the prime factors of 25718334.
2, 3, 167, 25667
What are the prime factors of 285215279?
8819, 32341
List the prime factors of 143142039.
3, 5301557
List the prime factors of 390660518.
2, 67, 241, 12097
What are the prime factors of 385667728?
2, 24104233
List the prime factors of 787814175.
3, 5, 37, 73, 3889
What are the prime factors of 86458268?
2, 13, 241, 6899
What are the prime factors of 209422188?
2, 3, 5817283
What are the prime factors of 95067896?
2, 7, 11, 157, 983
What are the prime factors of 301885772?
2, 59, 1279177
What are the prime factors of 14096913?
3, 97, 193, 251
What are the prime factors of 1137050182?
2, 37, 15365543
List the prime factors of 121756567.
17, 421303
List the prime factors of 77057969.
457, 168617
What are the prime factors of 73535054?
2, 19, 1935133
What are the prime factors of 393519035?
5, 7, 13, 66529
List the prime factors of 32386798.
2, 929, 17431
What are the prime factors of 2088554326?
2, 1044277163
List the prime factors of 66062161.
11, 6005651
List the prime factors of 2256269805.
3, 5, 37, 101, 13417
What are the prime factors of 34985164?
2, 83, 167, 631
What are the prime factors of 28643712?
2, 3, 97, 769
List the prime factors of 93050502.
2, 3, 23, 29, 23251
What are the prime factors of 17577956?
2, 11, 399499
What are the prime factors of 12986133?
3, 4328711
List the prime factors of 80489006.
2, 13, 23, 134597
What are the prime factors of 36466908?
2, 3, 113, 26893
What are the prime factors of 4580733624?
2, 3, 190863901
What are the prime factors of 138928752?
2, 3, 964783
List the prime factors of 190550536.
2, 11, 1279, 1693
List the prime factors of 2037040593.
3, 7, 1553, 8923
What are the prime factors of 1566862511?
17, 23, 4007321
What are the prime factors of 37603233?
3, 71, 83, 709
What are the prime factors of 209707184?
2, 13106699
What are the prime factors of 27976940?
2, 5, 1398847
What are the prime factors of 31685691?
3, 89, 118673
What are the prime factors of 22105071?
3, 131, 18749
What are the prime factors of 11278214?
2, 47, 119981
List the prime factors of 1097422448.
2, 1217, 56359
What are the prime factors of 215998299?
3, 11, 727267
List the prime factors of 1766606406.
2, 3, 16001, 18401
List the prime factors of 131061608.
2, 1483, 11047
What are the prime factors of 9393425370?
2, 3, 5, 7, 14910199
What are the prime factors of 187001095?
5, 5407, 6917
What are the prime factors of 13082154?
2, 3, 421, 5179
What are the prime factors of 466961578?
2, 233480789
List the prime factors of 25535753.
19, 1343987
List the prime factors of 64897828.
2, 103, 157519
List the prime factors of 3384087794.
2, 1692043897
What are the prime factors of 5364769393?
5364769393
What are the prime factors of 2087921367?
3, 7, 853, 1439
List the prime factors of 86997474.
2, 3, 4833193
List the prime factors of 52533656.
2, 7, 23, 40787
What are the prime factors of 1901165236?
2, 6197, 76697
List the prime factors of 920063829.
3, 6277, 48859
List the prime factors of 92603828.
2, 17, 127, 10723
What are the prime factors of 128460074?
2, 167, 384611
List the prime factors of 82708385.
5, 157, 105361
What are the prime factors of 206919043?
206919043
List the prime factors of 823275037.
13, 79, 801631
List the prime factors of 32529958.
2, 23, 61, 11593
What are the prime factors of 924348032?
2, 79, 91411
What are the prime factors of 57145595?
5, 13, 41, 523
What are the prime factors of 137063360?
2, 5, 7, 43, 1423
What are the prime factors of 107753210?
2, 5, 31, 347591
What are the prime factors of 27594663?
3, 1091, 8431
List the prime factors of 267935793.
3, 17, 5253643
List